culate the greatest common divisor of 54296 and 44.
44
Calculate the highest common divisor of 108192 and 759.
69
Calculate the highest common divisor of 66524 and 4.
4
What is the highest common divisor of 181 and 2264491?
181
What is the greatest common divisor of 79 and 1610336?
79
Calculate the highest common divisor of 410 and 21894.
82
What is the highest common factor of 62 and 103354?
62
Calculate the greatest common factor of 18997 and 3267.
121
What is the highest common divisor of 864 and 4824?
72
Calculate the greatest common divisor of 1251 and 3892.
139
Calculate the greatest common factor of 3970 and 90.
10
What is the greatest common divisor of 240 and 106010?
10
Calculate the greatest common factor of 34 and 896614.
34
Calculate the highest common factor of 1683 and 5445.
99
Calculate the greatest common factor of 72 and 61569.
9
Calculate the greatest common factor of 188784 and 3564.
108
Calculate the greatest common factor of 70618 and 670.
134
What is the highest common divisor of 382145 and 575?
115
Calculate the highest common divisor of 726770 and 180.
10
What is the highest common factor of 1 and 36873?
1
Calculate the greatest common factor of 488 and 1342.
122
What is the highest common divisor of 11523 and 276?
69
What is the highest common divisor of 327393 and 11?
11
Calculate the greatest common divisor of 7945883 and 33.
11
What is the greatest common divisor of 28 and 38604?
4
Calculate the highest common divisor of 125904 and 5063.
61
Calculate the greatest common divisor of 334163 and 604.
151
What is the highest common factor of 65 and 100191?
13
Calculate the highest common factor of 62592 and 84.
12
What is the greatest common divisor of 13 and 485329?
13
What is the highest common divisor of 378 and 276102?
54
Calculate the greatest common divisor of 854 and 14.
14
What is the highest common divisor of 310 and 5159175?
155
Calculate the greatest common divisor of 945 and 4035.
15
Calculate the highest common divisor of 276717 and 21.
21
Calculate the highest common divisor of 210 and 722680.
70
Calculate the highest common divisor of 64702 and 9350.
374
What is the highest common factor of 9594 and 3744?
234
What is the highest common factor of 678 and 651558?
678
Calculate the greatest common factor of 110474 and 14.
14
What is the greatest common factor of 421787 and 1462?
731
Calculate the highest common divisor of 78631 and 94.
47
What is the highest common divisor of 71 and 5081257?
71
Calculate the greatest common factor of 4730401 and 871.
871
Calculate the greatest common factor of 4 and 17032.
4
Calculate the highest common factor of 351 and 7215.
39
Calculate the greatest common divisor of 13320 and 12321.
333
What is the highest common factor of 717 and 8843?
239
What is the greatest common factor of 14059 and 136?
17
Calculate the highest common divisor of 34894 and 6214.
478
What is the greatest common factor of 23733 and 99?
9
Calculate the greatest common divisor of 20 and 3732580.
20
What is the highest common factor of 3934 and 112?
14
Calculate the highest common factor of 5082 and 14784.
462
What is the highest common factor of 303095 and 910?
65
Calculate the greatest common factor of 62 and 153481.
31
What is the highest common factor of 4950 and 1433520?
990
What is the greatest common divisor of 6 and 620157?
3
Calculate the greatest common divisor of 169185 and 345.
15
Calculate the highest common factor of 135 and 17309835.
135
Calculate the highest common divisor of 268 and 20234.
134
What is the highest common factor of 366 and 3126?
6
What is the greatest common factor of 1949602 and 514?
514
Calculate the greatest common divisor of 182 and 36283.
13
Calculate the greatest common divisor of 4608 and 252.
36
What is the greatest common factor of 228 and 121182?
114
Calculate the greatest common factor of 114011 and 253.
23
Calculate the greatest common divisor of 4237 and 47053.
223
Calculate the highest common factor of 4862 and 24497.
187
Calculate the greatest common factor of 192996 and 216.
108
Calculate the highest common factor of 380 and 1090.
10
What is the highest common factor of 301688 and 688?
344
What is the highest common divisor of 2025 and 5850?
225
What is the greatest common factor of 52819 and 663?
221
What is the highest common factor of 228 and 88217?
19
Calculate the greatest common divisor of 1095586 and 482.
482
Calculate the highest common factor of 30 and 253965.
15
Calculate the greatest common factor of 289620 and 20.
20
Calculate the greatest common divisor of 1643 and 104067.
31
What is the highest common factor of 1707 and 1?
1
What is the highest common factor of 871 and 7?
1
What is the highest common divisor of 86 and 29111?
43
Calculate the highest common factor of 5586 and 3629.
19
Calculate the highest common divisor of 16 and 9750592.
16
Calculate the highest common factor of 44324 and 140.
28
Calculate the highest common divisor of 15397 and 214757.
89
What is the greatest common factor of 1373528 and 611?
611
Calculate the greatest common divisor of 90 and 408750.
30
What is the greatest common divisor of 110169 and 27?
9
What is the greatest common divisor of 8769 and 869?
79
What is the greatest common divisor of 372 and 354702?
186
What is the highest common factor of 1634 and 760?
38
Calculate the greatest common divisor of 26 and 64298.
26
Calculate the highest common divisor of 664806 and 6.
6
What is the greatest common factor of 282100 and 17108?
364
Calculate the greatest common factor of 4416 and 496.
16
Calculate the highest common divisor of 234 and 768807.
117
What is the greatest common divisor of 356125 and 2625?
875
What is the greatest common factor of 159 and 63441?
159
Calculate the greatest common divisor of 84 and 21504.
84
Calculate the greatest common factor of 1834 and 16408.
14
Calculate the highest common divisor of 5088 and 11616.
96
Calculate the greatest common divisor of 325944 and 324.
324
What is the greatest common factor of 147 and 103047?
147
What is the highest common factor of 69 and 27646?
23
Calculate the highest common divisor of 62790 and 780.
390
What is the greatest common divisor of 226074 and 246?
246
What is the highest common divisor of 340 and 85068?
68
Calculate the greatest common divisor of 131212 and 20.
4
Calculate the greatest common divisor of 751 and 1846709.
751
What is the highest common factor of 1333 and 1798?
31
Calculate the greatest common factor of 772 and 7148720.
772
Calculate the highest common divisor of 1784 and 17873896.
1784
What is the greatest common factor of 3 and 4344228?
3
What is the greatest common factor of 95420 and 1365?
65
What is the highest common factor of 192 and 73068?
12
What is the highest common divisor of 1275 and 109905?
255
Calculate the greatest common factor of 63225 and 5.
5
Calculate the highest common divisor of 2254486 and 52.
26
What is the highest common divisor of 3348 and 1364?
124
What is the highest common divisor of 44213 and 741?
247
What is the highest common factor of 6003431 and 34?
17
What is the highest common divisor of 2132 and 468?
52
What is the greatest common divisor of 4600 and 231840?
920
What is the greatest common divisor of 166 and 188493?
83
What is the greatest common factor of 61250 and 2842?
98
What is the greatest common factor of 6100815 and 679?
679
Calculate the highest common divisor of 16733 and 29.
29
Calculate the greatest common factor of 210 and 11520.
30
Calculate the greatest common divisor of 150986 and 44.
22
Calculate the greatest common factor of 79728 and 1359.
453
What is the highest common factor of 115098 and 210?
6
Calculate the greatest common factor of 279 and 1119906.
279
What is the highest common divisor of 783 and 97470?
27
Calculate the highest common factor of 416 and 63128.
104
What is the highest common divisor of 636 and 5484?
12
Calculate the greatest common factor of 660 and 87340.
220
Calculate the greatest common factor of 36 and 76932.
36
What is the greatest common factor of 17036 and 244?
4
Calculate the greatest common divisor of 13636 and 252.
28
Calculate the greatest common divisor of 24860 and 9880.
20
What is the highest common divisor of 43166 and 1130?
226
What 